 2 - (-1 + 4) - 11
-3
(26 + -24 - 1) + -4
-3
Evaluate -7 + 6 + -13 + 7 + -9.
-16
What is -1 + (10 - -7) + -7?
9
Evaluate (17 + (-1 - -4) - 3) + (-10 - -4).
11
(-4 - 6) + -4 + 9 - 10
-15
What is (-18 - -71) + -19 + -11?
23
7 - (9 - -1) - -13 - (-2 - -2)
10
-3 + (10 - -3) + -1 + (46 - 69)
-14
Evaluate -64 + (-41 - -125) - (1 - 1).
20
What is the value of -8 - ((19 - 11 - 14) + 10)?
-12
What is the value of 20 + -7 + 3 + -24?
-8
Evaluate -5 + 2 - (9 + 3 - 26) - 5.
6
(-18 - 3) + 124 + -103
0
What is 18 - 1 - (48 + -61 - (-20 + 3))?
13
What is the value of (5 - 1) + (-55 - (9 - 65))?
5
-13 + ((-14 - 7) + 9 - -1)
-24
Evaluate -9 - -6 - 35 - -34.
-4
What is the value of (43 - 46) + (-2 - -1 - 13)?
-17
Evaluate -1 - 9 - (16 - (-29 + 24)) - 2.
-33
What is the value of (1 - -11) + -275 + 252?
-11
What is the value of -1 + 5 + -3 + 0?
1
What is the value of (-4 + 4 - -4) + (3 - (5 - -7))?
-5
Evaluate -14 + -1 + (50 - 53).
-18
(2 - 21) + 17 + -3
-5
Evaluate (35 - 9) + -13 + 18 + -43.
-12
What is -2 + 4 - ((-1 - -18) + -18)?
3
Evaluate 2 - ((9 - 16 - -10) + (0 - -4)).
-5
Calculate 447 - 462 - (-5 + -1 + -1 + 2).
-10
(-16 - 17) + 17 + 0 + 43
27
What is 25 + (-9 - (-12 + 4 - -18) - -10)?
16
What is the value of 1 + 5 + -22 + -2 + 0?
-18
Evaluate 9 - 0 - 2 - (-1 - (0 - 2)).
6
What is (-13 - (-49 - (2 - 16))) + 9?
31
What is the value of (648 - 672) + (12 - (-3 + 3))?
-12
-19 + (3 + -9 - (1 + -8 + -5))
-13
Calculate -4 + 25 + (-8 - (-16 - 3)).
32
What is -5 - (-24 - (24 - 53))?
-10
Evaluate 15 - (10 + (-3 - 7)).
15
-17 - (8 - (9 - -6))
-10
What is the value of 30 + (-9 - -11 - 3 - 12)?
17
What is -1 - (7 - 8 - 5) - 8?
-3
What is the value of (4 - (17 + 3 + 0)) + 8?
-8
What is -3 + 1 + -60 + 61 - -12?
11
What is -7 - (-9 + (0 - -1) + 3)?
-2
What is -71 + 72 + 20 + 5 + -7?
19
What is the value of (8 - 1 - -1) + (-1 - 1) + -27?
-21
What is the value of 8 - (11 - 11) - (4 - (-2 - -12))?
14
What is the value of -10 + 38 + -16 - (15 + -3)?
0
Evaluate 6 + ((-3 - 10) + 6 - -8) + -10.
-3
Evaluate 15 + (4 - 3 - 4).
12
What is the value of 33 - (-15 + (-21 - -34))?
35
What is the value of 28 + -20 + 32 - 28?
12
-2 + -5 + 140 + -143
-10
Calculate -13 - (4 - (21 + -19)).
-15
What is -6 + -2 + (15 + 24 - 14)?
17
4 - 10 - (-7 + 1 + 2 - -22)
-24
What is 7 + 2 + -2 + 3 + 2?
12
21 + (2 - 8 - 1) + -18
-4
What is the value of (25 - 5) + -21 + 11?
10
What is -18 + 2 + 26 - (2 + -6)?
14
16 - -3 - ((-18 - -15) + 3 + -3)
22
2 + 0 + (-6 - (0 - 2 - 6))
4
Calculate 8 - -6 - 17 - (-4 + 1).
0
What is the value of -24 - ((5 - 1 - 3) + (-92 - -83))?
-16
Calculate 1 - 1 - (144 - 149).
5
Evaluate 0 - -17 - (15 + (-6 - 32)).
40
What is the value of (17 - 6 - -3) + (8 - 12)?
10
145 - 134 - (2 + 4 + 1 + 0)
4
What is -3 + -1 + 2 + -142 + 155?
11
Evaluate -18 - (5 + 11) - -6.
-28
1 - -3 - (44 + -35)
-5
What is the value of 1 + (21 - 8) + (-14 - -2)?
2
What is the value of 3 + -9 - 23 - (-2 - 10)?
-17
-3 + -1 + 15 + -6 + (2 - -1)
8
What is 3 + 23 - (11 - (15 + -17))?
13
What is the value of -7 + (-4 - -3) - (120 - 123)?
-5
Calculate -10 + 20 + -5 + 12.
17
Calculate (31 - 17) + -21 + 5.
-2
What is (-2 + 7 - (0 - 13 - -9)) + -12?
-3
What is (9 - -3 - 2 - 5) + -7 + 5?
3
5 + 0 + -8 + 13 + -9 - 8
-7
Calculate -1 - 7 - (762 + -777).
7
What is the value of (2 - (1 - (4 - -2))) + -3427 + 3439?
19
-6 + -41 + 18 + 2 + 1
-26
(2 - -20 - (36 - 25)) + 3
14
What is -18 + (-8 - -4) + 8?
-14
What is the value of (-102 - -69) + -6 + (23 - 4)?
-20
-2 - -19 - (-30 + -3 - -25)
25
What is the value of 14 + -3 - (28 + (-20 - 15))?
18
(-16 - -2) + (17 - 10) - -13
6
13 + -9 - (0 + -5 + 10 + 12)
-13
What is (-3 - -3) + -7 + -3 + (-13 - -27)?
4
Calculate (4 - (-5 + (9 - 10) - -19)) + 9.
0
What is 0 + (1 - -3) - (-5 - (2 - 3))?
8
Evaluate -10 + (6 - (-9 - (-7 - 5))).
-7
What is (28 - 20) + -29 + 16?
-5
What is the value of -14 + (6 - -26) + -15?
3
Calculate 12 + -13 + 5 + -17 + -7.
-20
Calculate 1 - 16 - (-9 - (56 + -36)).
14
What is the value of (8 - (-11 - (-4 - 6))) + -32?
-23
What is the value of 0 + (-6 + 27 - 5) + -33?
-17
Evaluate -15 + -3 + (13 + -12 - -5).
-12
-8 + 5 + 0 + (7 - 3)
1
Calculate (6 - (-18 - (8 - 34))) + (22 - 2).
18
-11 + (5 - -9 - (6 + 1))
-4
What is the value of -1 + 5 - ((9 - 9) + -9 + 1)?
12
What is the value of 4 + 2 + 16 + -20 - 2 - 9?
-9
Calculate (-19 + 31 - (2 - -30)) + 6 + 1.
-13
Calculate 40 + -54 + (0 - 0).
-14
Calculate -4 - (9 + -1 + 6).
-18
Evaluate -6 + (0 - 4 - -10) + 10.
10
What is -1 - (-4 + -1) - -2 - -4?
10
Evaluate (-51 - -17) + (4 - 5) + 2 - -9.
-24
Calculate -31 - (-15 + 5 - (-27 + 25)).
-23
What is the value of 2 + (-3 - -5) + (1 - (2 - -8))?
-5
What is the value of (0 - (3 - 4)) + -14 - (-3 - -12)?
-22
Evaluate (-1 - -1) + (30 - (-16 + 51)).
-5
Evaluate (62 - 58) + (1 - 0) + -8 + 13.
10
(12 - (-2 + 18 - 1)) + 4
1
What is (22 - (-3 - (-14 + -2))) + -16?
-7
Calculate -1 - -2 - (10 + -10 + (-1 - -2)).
0
What is the value of (8 + 9 - 15) + -6?
-4
Evaluate (7 - (2 + 2)) + 5 + 1 + 14.
23
Calculate 0 + -1 + -2 + 0 + 20 + 1.
18
Evaluate (7 - (10 + -5)) + (5 - 1) + -6.
0
-24 + (41 - 67 - -16)
-34
What is the value of 3 + ((5 - 9) + 5 - 9) - 2?
-7
Calculate (7 - 11 - -8 - -12) + -3 + 11.
24
What is the value of 11 + (11 - 2 - 14 - 21)?
-15
Calculate -5 + 6 + (-12 - -5) + 18.
12
Evaluate (4 - (8 - (4 + -1))) + 18.
17
-52 + (24 - -24) + -13
-17
What is the value of -2 + 18 - (-54 - (-1 + -45))?
24
Evaluate 65 + -24 - (12 + (-2 - (-4 - -4))).
31
3 + 15 - (-44 + 56) - (7 - -1)
-2
What is 13 + (-11 - (-10 + 10)) + 27?
29
Calculate -1 + 12 + 21 + -29 + -23.
-20
What is the value of 1 - (3 + (2 + (7 - 15) - -5))?
-1
Calculate -2 + (-3 - 1) + -6 + (-1 - 10).
-23
What is the value of -1 + 2 - (-48 + 23 + (22 - -1))?
3
Calculate 68 + -67 - (8 - -22).
-29
6 - (21 + -20) - (0 - -4)
1
Calculate -1 - (-12 - -11 - (2 + 2 - 4)).
0
Calculate (-17 + 4 - (-5 - 5)) + -2 + 0.
-5
Calculate 39 + -17 + -15 + 29.
36
What is -11 - (13 + -15 - 7)?
-2
What is the value of 1 + 8 - (2 - 0 - (-16 - -14))?
5
What is 5 + 2 + -2 - (-12 + 19 - 10)?
8
Evaluate (7 - 9 - -11) + -9 - (-8 - 2).
10
What is the value of 8 - (-8 + 5) - (24 + -1)?
-12
Calculate (-21 - (-2 - 16)) + 1.
-2
Evaluate 30 + 30 + -63 + -1 + (3 - -1).
0
What is 11 + 0 + (11 - (-9 + 22))?
9
Calculate (-4 - 3) + -410 + 431.
14
What is the value of 16 + (1 + 1 - -9 - 11)?
16
(-2 - 4 - -3) + (-5 + 4 - -1)
-3
-37 + (9 - 7 - -14)
-21
Evaluate -90 + 104 - (0 + -2 - -6).
10
What is the value of 2 - (-2 + -4 - -7 - -1)?
0
0 + 8 + -75 + 107 + -36
4
What is the value of 45 + -119 - -40 - (0 - 13)?
-21
Evaluate -211 - -234 - (-1 + 18).
6
-10 + (-26 - -47) - (-4 + -1)
16
What is -273 + 286 + (2 - 27)?
-12
Evaluate 15 + (-1 - 3) + (-32 - -14).
-7
What is the value of 7 + (10 - (13 + -8)) + (1 - 0)?
13
What is 0 + 8 - (-210 - -243)?
-25
Calculate 3 + -8 + 4 - 4 - -2.
-3
What is the value of 3 + -7 + (-66 + 68 - (2 + -8))?
4
What is the value of (1 - -1) + 9 - (30 - (40 - 5))?
16
Calculate (11 - 1 - (0 - 8)) + -1.
17
-1 + 3 + (8 - (7 + 8)) + 18
13
(311 - 298) + (-40 - 1)
-28
What is -8 + (-4 - (5 - 1)) + 4 + 22?
10
What is the value of -4 + -5 - (-3 - 12)?
6
What is the value of 6 + -3 + 3 + -5 + 3?
4
What is 0 + -14 + 11 + -8 + 14?
3
What is 8 - 0 - -3 - (1 + -2 - 2)?
14
Calculate (7 - -1) + (-6 - (4 + -5)).
3
What is the value of -11 + 17 + -38 - -18?
-14
What is (-378 - -394) + (-5 - (0 - 3 - -2))?
12
-5 - -2 - 13 - -4
-12
Evaluate -21 + -17 + 7 + 37.
6
What is the value of 42 + (-55 - -15) + 27?
29
What is -1 + 1 - (48 + -51)?
3
What is the value of 6 + (6 - (9 + -1)) + 4 + 4?
12
Evaluate -4 - 2 - (-3 - (8 + -18)).
-13
Evaluate (-2 - 11) + 5 + -13 + 4.
-17
-2 - (1 - (4 + -9)) - (-13 - 5)
10
(7 - (-1 - -10)) + 21 + -3 + -3
13
What is the value of 10 + (14 - (-5 + 19))?
10
What is the value of 1 - (-4 + -1 + 11) - -19?
14
What is -9 + 1 + 157 + -157 + 4 + 0?
-4
(-1 - 0) + -16 - (-511 - -514)
-20
What is the value of 4 + (-6 + 5 + 4 - (-3 + 7))?
3
Calculate -19 + (-11 - -21 - 15).
-24
(3 - -11) + 2 - 1
15
Evaluate 1 - 11 - -12 - (3 + -8).
7
What is the value of -13 + (-19 - (-16 + -5))?
-11
What is the value of -1 + 15 - 0 - (-6 - -54 - 47)?
13
Evaluate (-13 - (7 + -30)) + -14.
-4
What is -35 + 15 + -9 + 17?
-12
What is the value of -5 + (-1 - -4) - ((28 - 14) + -8)